g - 1090 = 0. Calculate the highest common factor of l and 784.
28
Suppose 9*c = 8*c + 2250. Suppose -113*p = -95*p - c. What is the greatest common factor of p and 5?
5
Let l = -233 - -324. Suppose -33*f + 39*f - 8736 = 0. What is the greatest common factor of f and l?
91
Let w be 13/7 - 7/(-49). Suppose -w*r + 440 = 9*r. Calculate the greatest common divisor of r and 30.
10
Let h be 8 + -4 + (208/4 - 10). Calculate the highest common divisor of h and 253.
23
Let s = -25196 + 48551. Calculate the highest common factor of s and 173.
173
Let l be ((-636)/(-8))/(2/4). Let u be 3762/36 + (-2 - (1 - 18/4)). Calculate the highest common factor of u and l.
53
Let o be (-18)/15 - (7606/(-25))/(6/30). Calculate the greatest common divisor of o and 400.
80
Let b be (-2)/((-4)/(-10))*-1. Suppose 11655 = 90*f - 27*f. What is the highest common factor of b and f?
5
Let n(o) = o**2 + 43*o - 4689. Let l be n(71). What is the highest common divisor of l and 45?
15
Suppose -28*p + 2024 = 204. Suppose 12*s - p - 31 = 0. Calculate the highest common factor of s and 32.
8
Suppose 19036 = 40*o - 10*o - 764. Calculate the highest common divisor of o and 480.
60
Suppose -50444 = 78*j - 83*j + 2*d, 3*j - 30244 = 4*d. What is the greatest common factor of 24 and j?
12
Let u(d) = -d**3 + 6*d**2 + 4*d + 9. Let v be u(5). Let a be -1*6/4*v/(-81). What is the greatest common divisor of a and 11?
1
Suppose 34 = -5*u + 2*u - 4*j, -4*u + 4*j = 64. Let n = u + 19. Let v = -2 + n. What is the greatest common factor of v and 3?
3
Suppose -6*k + 240 = -3*v, 4*k - 368*v - 160 = -364*v. Suppose 3*j = -0*s + s + 2276, -5*j + 3780 = -5*s. Calculate the highest common factor of j and k.
40
Let h(i) = -6*i**3 - 66*i**2 + 3*i - 2. Let m be h(-11). Let s be (-395)/m + (-1 - (-20)/28). What is the greatest common factor of s and 1309?
11
Let p(u) be the second derivative of u**5/20 + u**4/3 + u**3/3 + 15*u**2/2 + 191*u. Let w be p(-4). Calculate the greatest common factor of w and 119.
7
Let m(a) = -298*a - 2041. Let j be m(-7). Calculate the greatest common factor of 51 and j.
3
Suppose -4*o - 35 + 19 = 0. Let w be 86/1 - 4*(-2)/o. What is the greatest common factor of 21 and w?
21
Let y(w) = 4 - 5 - 5 - w**3 + 3*w**2 - 2*w. Suppose 3 - 16 = 5*g + h, 10 = -2*g + 2*h. Let n be y(g). Calculate the highest common factor of n and 18.
18
Suppose 22 - 1 = -3*d. Let t be ((16/(-4))/(-2))/((-2)/(-141)). Let c be d/(t/225 - (-2)/(-3)). What is the highest common factor of 25 and c?
25
Let f be (240/(-36) - 2)/(87/(-27) + 3). Calculate the highest common factor of 1339 and f.
13
Let l = 267 + -279. Let a be (-12 - l) + 1 + 1 + 9. Calculate the greatest common factor of 88 and a.
11
Let d = 35914 - 35754. Calculate the highest common divisor of d and 7712.
32
Let j be 8/((-32)/(-30))*(-8)/60*-5. What is the greatest common factor of j and 135?
5
Suppose 2*a = 8, -5*a = 4*x + x + 80. Let b = -17 - x. Suppose -5*r - 3 + 28 = s, -s + b*r + 33 = 0. What is the greatest common factor of s and 12?
6
Suppose -4*z = 31 + 25. Let y(i) = -9*i + 32. Let x(j) = -2*j. Let m(p) = 6*x(p) - y(p). Let s be m(z). Calculate the highest common factor of s and 2.
2
Let l(r) = -5*r - 9. Let f be 57/(-15) + (-7)/35. Let a be l(f). Calculate the highest common factor of a and 143.
11
Let k(p) = 2*p**3 + 351*p**2 - 175*p + 310. Let u be k(-176). Calculate the greatest common divisor of u and 134.
134
Let k(h) be the first derivative of h**4/4 + 5*h**3 - 5*h**2/2 - 9*h - 26. Let p be k(-15). What is the greatest common divisor of 18 and p?
6
Suppose 2*p + t - 11 = 10, 0 = 4*p - 4*t - 60. Let a be 18/24 + 6543/p. Calculate the greatest common factor of 78 and a.
78
Suppose -2*i + 2400 = 2*i. Let v be 118/4 - ((-92)/(-8) + -9). Suppose -v*k + 534 + 1086 = 0. What is the highest common divisor of i and k?
60
Let k be -1*(-3)/15 + 688/10. Suppose 9*b - 21 = k. What is the greatest common divisor of b and 510?
10
Suppose 36*s - 130131 = -5*l + 39*s, 2*s = 3*l - 78080. Calculate the highest common factor of l and 6.
6
Suppose -2*q = -5*g - 130, 2*q + 12*g - 6 + 12 = 0. Calculate the greatest common factor of 2097 and q.
9
Suppose 6 = -3*x, 5*r = -5*x - 0*x - 105. Let s(g) = -g**2 - 16*g + 27. Let k be s(r). Let m = k + 34. What is the greatest common factor of 20 and m?
4
Suppose -110*i = -874 - 1326. Let j = -6 + 8. Suppose 0 = 2*c + 4, j*s + c - 274 = -2*c. Calculate the greatest common factor of i and s.
20
Let r be (-52)/39 + 208/12. What is the greatest common divisor of r and 584?
8
Suppose -19*b + 7*b - 3852 = -14*b. Calculate the highest common factor of 108 and b.
18
Let w be (49 + 2)/(1/1). Let u(o) = -10*o + 29. Let i be u(2). What is the highest common divisor of w and i?
3
Let o(a) = a**3 - 23*a**2 + 46*a - 57. Let g be o(21). Calculate the highest common factor of 4347 and g.
27
Suppose -5*i - 100*s = -98*s - 244, -4*s + 8 = 0. What is the highest common divisor of 112 and i?
16
Suppose 1161 - 1197 = -3*v. What is the greatest common factor of 4812 and v?
12
Suppose 0 = -107*h + 110*h + m - 369, h - 2*m = 123. Let g be -2 + 0/2 + 43. Calculate the highest common factor of h and g.
41
Let p = 617 + -620. Let z be 106/159 + (-31)/p. What is the highest common factor of 396 and z?
11
Let s(p) = p**2 - 7*p + 12. Let x be s(-12). Let t(u) = 3*u**2 - 33*u + 87. Let j be t(3). Calculate the greatest common divisor of x and j.
15
Suppose -b + 11*b + 3731 = 19661. Calculate the greatest common divisor of 590 and b.
59
Let w be (-347)/(-7) - (-76)/(-133). Suppose -w = -17*y + 155. Suppose -3*q = -7*q + 48. Calculate the highest common factor of q and y.
12
Suppose -27*l + 31*l = 72. What is the greatest common factor of l and 612?
18
Let d(j) = -j**3 + 2*j**2 + j + 3. Let r be d(0). Suppose b - 22 = 14*y - 15*y, -r*y = 2*b - 45. What is the greatest common factor of 7 and b?
7
Let q(h) = -6*h**2 + h + 1. Let b be q(1). Let w be (5/((-25)/b))/(3/60). Suppose 2*l = 8 + w. Calculate the highest common divisor of 84 and l.
12
Suppose -18*i = -0*i. Suppose -6*g = -i - 18. What is the greatest common factor of 10 and g?
1
Let d be 24311/276 - (-1)/(-12). Let m = 42 + d. Calculate the greatest common divisor of m and 65.
65
Let l = 2742 + -2516. What is the highest common factor of l and 1017?
113
Let y be (-372)/(-28) - 4/14. Let w = 31 + y. Calculate the highest common divisor of w and 220.
44
Let b = -47 + 56. Let w(f) = f**3 - 3*f**2 - f - 2. Let n be w(4). Let q be (-224)/(-5) + 2/n. What is the greatest common factor of q and b?
9
Let b(h) = 2*h + 131. Let s be b(-21). Let d = s + -86. Let q(r) = -r**2 - 9*r + 1. Let m be q(-5). What is the highest common factor of d and m?
3
Suppose 0 = -145*k + 31*k + 11970. Let l = -6 + 3. Let g(p) = 4*p**2 - 3*p - 3. Let q be g(l). Calculate the greatest common factor of k and q.
21
Let p be (156/(-9))/(1/(-3)). Let v = p - 49. Suppose v*n - 6*n = -21. What is the highest common divisor of 28 and n?
7
Suppose -27 = -4*k + l + 2*l, 0 = 5*k + 3*l - 27. Suppose k*a + 38 = 494. Calculate the greatest common factor of a and 57.
19
Let w(v) = -12*v. Let u be w(-9). Suppose u - 378 = -j. Suppose 0 = 8*r - 14*r + j. What is the highest common divisor of r and 18?
9
Let s be 1*(-30 - -42)*(2 - 3)*-29. What is the greatest common divisor of s and 12644?
116
Let p(r) = -4*r**3 - 16*r**2 - 17*r - 790. Let i be p(-21). Calculate the greatest common divisor of 115 and i.
115
Let l = 4503 + -4441. Calculate the highest common divisor of 279 and l.
31
Let q = 30 - 42. Let o be (-1)/(6/(-210))*q/(-14). Calculate the highest common divisor of o and 50.
10
Let d(h) = h**3 + 20*h**2 - 8*h + 22. Let u be (4*(-30)/96)/(2/32). Let l be d(u). What is the highest common divisor of l and 26?
26
Suppose 3*m + 20 = -2*m. Let b be ((-39)/6 - 4)/(m/8). Calculate the greatest common divisor of 84 and b.
21
Let m(h) = -h**3 + 2*h**2 - 57*h + 144. Let p be m(0). What is the highest common factor of p and 1620?
36
Suppose -2*x - 2*x = 4*f - 244, 98 = 2*x - 2*f. What is the highest common divisor of x and 90?
5
Let y = 180 - 165. Suppose 34 + 116 = y*w. Suppose 3*d = 3*b - 69, 4*d - 32 - 56 = -5*b. Calculate the highest common factor of b and w.
10
Let n = -31 + 31. Let a be 761 - -1 - (n + -2 + -1). Suppose a = -100